) a composite number?
True
Let p(m) = -m**3 + 81*m**2 - 60*m - 1005. Is p(74) composite?
False
Let n(d) = -33*d**2 + 6*d - 13. Let c be n(3). Let j = 335 + c. Is j prime?
True
Let h = -284 + 436. Is (-16)/h + (-24362)/(-38) a composite number?
False
Let c be (-4)/(1/(-13 - -4)). Suppose -c = l + 384. Let r = -209 - l. Is r a prime number?
True
Suppose -2*z = -4*h + 5*h + 58805, 2*z - h = -58795. Is z/(4 + -9) + -1 prime?
True
Let z be 3/(7/(14/3)). Let v be z/13 - (-74979)/117. Let i = v + -283. Is i a prime number?
False
Let a(b) = -b**2 + 14*b + 6. Let y(x) = -x**3 - 8*x**2 - 11*x - 14. Let o be y(-7). Let l be a(o). Let t(j) = 2*j**3 - 2*j**2 - j + 13. Is t(l) prime?
True
Let w(g) = -g - 1. Let f(l) = -1353*l - 6. Let n(x) = f(x) - 2*w(x). Let j be n(-4). Suppose 0 = -3*a - 5*i + 1408 + 1834, -5*i + j = 5*a. Is a composite?
True
Suppose -248*r + 1140780 = -188*r. Is r a prime number?
True
Let c = -35 - -39. Suppose 5 = c*j + 1. Is j/6 + 32296/48 a composite number?
False
Let m = -45 - -22. Let l(c) = c**3 + 30*c**2 + 28*c + 56. Let t be l(m). Suppose -t = -0*r - 7*r. Is r prime?
False
Suppose -52605047 = 147*j - 178*j. Is j a composite number?
True
Suppose -3*n = -7*n + r + 2195, -5*n + 2748 = 3*r. Let c = -394 + 1008. Let s = c + n. Is s composite?
False
Suppose -5*d + 5*o = -1697 - 38, -3*d - 3*o + 1017 = 0. Suppose 30503 + d = 6*q. Is q composite?
True
Let x(d) = 2449*d - 188. Let g be x(5). Suppose -5*m = -g + 3392. Is m a composite number?
False
Let c(g) = 11*g**2 - 11*g - 59. Suppose -15*p + 59 - 554 = 0. Is c(p) a prime number?
False
Is 22085/14*12/9*4755/50 prime?
False
Let b(d) = -d**3 + 83*d**2 - 149*d + 509. Is b(50) prime?
False
Let b = -8037 - -12115. Suppose -11*m = -26601 - b. Is m composite?
False
Let h = -71216 - -101203. Is h a prime number?
False
Is ((-24)/(-16))/(6/233564) composite?
False
Let t be (-5 + 4)/((-2)/14). Suppose t*b = 3*b - 92. Let q = b - -90. Is q prime?
True
Let j(p) = -p**2 - 8*p + 74. Let g be j(6). Is g/(-25) + 68409/15 prime?
True
Suppose 3*s = -2*u + 187390, -14*u = -10*u - 4*s - 374820. Is u a prime number?
True
Let o(k) = 3*k**3 - 21*k**2 + 21*k - 9. Let t be o(6). Is (5793/t)/(9/27) composite?
False
Let x = -199 - -202. Suppose 11*v - 19054 = -x*v. Is v a composite number?
False
Let w(b) = 2*b**2 + 4*b - 4. Let s be w(2). Let d = s + -8. Suppose 1840 - 516 = d*l. Is l prime?
True
Suppose 5*k - 7*k + 2*w = -1076, -2*k + 1111 = 5*w. Let n = 1630 - k. Is n composite?
False
Let k(b) = -472*b + 77. Suppose -4*w + n = 22 - 5, 2*w = -3*n - 19. Is k(w) a composite number?
False
Suppose 0 = 100*r - 99*r - 4. Is 735 - (r/12 - 14/(-21)) composite?
True
Is ((-12639739)/(-63) - 0) + (-8)/(-36) prime?
False
Let l(c) = 201*c**2 + 32*c + 6. Let p(x) = 2*x - 1. Let y(m) = l(m) - 4*p(m). Is y(-5) prime?
False
Let q(r) = r**3 + 4*r**2 + 3*r + 8. Let n be q(-4). Is (-1)/n - (-127645)/28 prime?
False
Suppose -4*z + 613 = 2*a - 1667, -3*z = -3*a + 3420. Suppose 3*c - j - a = 893, 1374 = 2*c + 4*j. Is c prime?
False
Let q be (22/(-11))/(3*(-4)/(-4518)). Let f = q - -1088. Let x = f - 48. Is x composite?
True
Suppose 4*m = 4*m - 3*m. Suppose -6*n = -10*n + 2*c + 17318, m = -3*n - c + 12976. Is n prime?
True
Suppose 3*a = 5*n - 90855 + 26084, -2*a + 38855 = 3*n. Is n a composite number?
False
Suppose 26 = -2*k - 16. Let h be 4/14 - 330/k. Suppose 0 = 17*v - h*v - 1382. Is v composite?
True
Let u(n) = -6*n - 32. Let o be u(-6). Suppose -5*w + 5*l = -5505, o*w + l = 3*l + 4396. Is w prime?
True
Let v = 204548 - 129549. Is v prime?
False
Suppose -7*r + 683179 = -5*q - 193364, 3*r = -2*q + 375653. Is r a prime number?
True
Let d(p) = -6119*p + 78. Let h be d(-2). Let i = h - 1413. Is i prime?
True
Let x be 2*2 - ((-4 - -16) + -3). Is (-636895)/(-175) - (-2)/x a prime number?
False
Suppose -a = -2273 + 749. Is a + -7 + 2*-3 composite?
False
Let r = -72 - -152. Suppose -10*f = -2*f - r. Is 72826/65 + 6/f prime?
False
Suppose 163833 = 3*g + 5*n, -54631 = -g - 3*n - 2*n. Is g prime?
True
Let n(g) = -91*g + 70. Let u be n(10). Is (-7)/(u/(-16)) + 191674/30 prime?
True
Suppose 149318 - 43302 = -4*t. Let j = -16917 - t. Is j a composite number?
False
Suppose -6*n = -n - 60. Suppose 2*o - 59612 = -n*o. Is o composite?
True
Suppose 13*c + 81*c + 212466 - 927148 = 0. Is c a prime number?
True
Suppose 0 = 5*o - 20, 33326 + 38005 = 5*l - o. Is l prime?
False
Suppose -53*p + 48*p + 78845 = 0. Suppose -3*r = p - 51916. Is r composite?
False
Let g(j) = -89*j + 42. Let o be g(36). Let p = o + 6268. Is p a composite number?
True
Let b = 4678 + 31555. Is b a composite number?
True
Let l(j) = j + 7. Let q be l(-3). Suppose -2*i - 14610 = -7*i + 3*w, 0 = q*i + 4*w - 11656. Let a = i - 1724. Is a prime?
False
Suppose 155*l = 167*l. Suppose 5*z - 5611 = -l*z + r, -5*r = -20. Is z composite?
False
Let y(d) = -d**2 + 4*d - 2. Let k be y(4). Let g(o) = -149*o**2 - o - 161*o**2 + 538*o**2 - 142*o**2. Is g(k) a composite number?
True
Suppose 0 = y - 5*y + 23344. Suppose -y - 19959 = -5*n. Suppose 0 = 2*t + 5*t - n. Is t composite?
True
Let g = 355 - -10098. Is g a prime number?
True
Let n be 927*((-3)/(2 + -3) - 2). Let f = 87 - n. Let r = -191 - f. Is r a composite number?
True
Let s(k) = -k**2 - 34*k + 80. Let v be s(-36). Is (-843)/2*(v + -10) prime?
False
Let g be ((-16)/5)/((-2)/10). Suppose g = 2*m + 46. Is (-69)/1*(m - -14) a composite number?
True
Let v be (-1 - -52)*(-60)/(-36). Suppose -3*i = -v - 8. Suppose 11*a = 12*a - i. Is a composite?
False
Let m be (-5 + 7 + -48)*-13. Let d = m - -141. Is d a prime number?
True
Let i(g) = -805*g + 3140. Is i(-81) prime?
False
Suppose 12*l = 7*l - 60. Let f be (-1 + (-16)/l*3)*3. Let m(k) = 37*k - 16. Is m(f) prime?
True
Suppose -16 = -5*g + 4. Suppose -4*r + 40717 - 11169 = 2*n, 29548 = g*r + n. Is r prime?
False
Let s(n) = -29*n**2 - 40*n + 20. Let z(c) = 30*c**2 + 39*c - 22. Let v(h) = 4*s(h) + 5*z(h). Is v(-23) a composite number?
True
Is (((-125944524)/8)/(-27))/(4/8) composite?
False
Let s(u) = -126*u - 41. Let f be -1 + (-69)/(-21) - (-8)/(-28). Suppose 3*a + 37 = -4*q - f*a, 4 = -q - 3*a. Is s(q) prime?
True
Suppose 3*a + 3*n - 93 = 0, -4*a - n + 133 - 21 = 0. Is (-2)/((3/1043)/(a/(-18))) prime?
False
Let s be 3/(-9)*-2 + (-154)/(-66). Suppose -3*p = s*b - 20217, -4*b - p = -23495 - 3461. Is b composite?
True
Let i = 108934 + -7883. Is i prime?
True
Suppose -3*a - 327 = -6*a - 4*t, t = 2*a - 229. Suppose -2*o - 2*y = -398, 2*o - 18*y + 13*y - 377 = 0. Let b = o - a. Is b a prime number?
True
Let y(r) = 232*r - 55. Let w = 103 - 97. Is y(w) a prime number?
False
Is 2534 + (0 - (-14 + 1 - -8)) a composite number?
False
Let h(t) = -t**3 - 15*t**2 - 13*t - 4. Let m be h(-14). Let q be (-5)/(-30) + (-23037)/m. Suppose -313 = -f - 2*a - a, -2*a - q = -4*f. Is f prime?
False
Let b(p) be the second derivative of 0 - 19/2*p**2 + 11*p + 7/2*p**3. Is b(8) prime?
True
Suppose 1358368 = 69*b - 65*b. Suppose 0 = -33*k + b - 5203. Is k composite?
False
Suppose 20748*a = 20738*a + 1042070. Is a prime?
True
Let u = 662965 + -202832. Is u a composite number?
True
Suppose 27872 = 4*j + 4*f + 7932, 3*f = 4*j - 19940. Is j a prime number?
False
Let z = 3887 + -5810. Suppose -107*g - 12 = -104*g. Is z/(-9)*(g - -7) composite?
False
Suppose 11 = 7*x - 3. Suppose 5*z = -x*y + 1837, 2017 + 2550 = 5*y + 4*z. Let q = 1584 - y. Is q a composite number?
False
Let g = 38 + -26. Suppose 0 = -4*n - g, -n + 15 = -4*w + 514. Suppose 3*m - 2537 = w. Is m a composite number?
False
Let w(r) = 15926*r**2 + 87*r + 398. Is w(-5) composite?
False
Let v(m) = 389*m + 56. Suppose 5*p + 25*b = 20*b + 20, -2*p - 4*b = 2. Is v(p) composite?
False
Suppose -2*d - 15 = 5*q + 7, 0 = 4*d - 5*q - 16. Let z be 3/((-2)/(-22 - -4)). Is 8943/z - 2*d/(-9) a prime number?
True
Let g be 711/(90/(-95) - -1) + -1. Suppose g = 63*q - 19*q. Is q composite?
False
Suppose 89*q - 5 = 90*q, -5621630 = -4*r + 2*q. Is r prime?
False
Let d(x) = 7*x**2 + 19*x**2 - 24*x**2 + 13 - 3*x. Let p be d(0). Suppose -p*i = 3213 - 13184. Is i a prime number?
False
Let q(h) be the second derivative of 19*h**3 - 35*h**2/2 - 36*h. Is q(8) a composite number?
False
Suppose 0 = 6*a - 3*a - 3*u - 159, -2*u = -3*a + 161. Let t = a + -89. Is ((-1195)/2)/(t/(-4) + -9) composite?
